{"id":5351,"date":"2025-12-19T10:01:32","date_gmt":"2025-12-19T09:01:32","guid":{"rendered":"\/mnt\/persist\/www\/almega.se\/release\/public_html\/web\/app\/uploads\/sites\/7\/2025\/12\/sjukskrivning.jpg"},"modified":"2025-12-19T10:01:32","modified_gmt":"2025-12-19T09:01:32","slug":"sjukskrivning-jpg-2","status":"inherit","type":"attachment","link":"https:\/\/www.utbildningsforetagen.se\/aktiviteter\/rattigheter-och-skyldigheter-i-samband-med-sjukskrivning-lakarintyg-och-arbetsanpassning-vaxjo\/sjukskrivning-jpg-2\/","title":{"rendered":"Sjukskrivning, l\u00e4karintyg och arbets&shy;anpassning \u2013 Vi r\u00e4ttar till missf\u00f6rst\u00e5nden! V\u00e4xj\u00f6"},"author":1,"featured_media":0,"comment_status":"closed","ping_status":"closed","template":"","meta":{"_acf_changed":false},"class_list":["post-5351","attachment","type-attachment","status-inherit","hentry"],"acf":[],"yoast_head":"<!-- This site is optimized with the Yoast SEO plugin v26.8 - https:\/\/yoast.com\/product\/yoast-seo-wordpress\/ -->\n<title>Sjukskrivning, l\u00e4karintyg och arbets&shy;anpassning \u2013 Vi r\u00e4ttar till missf\u00f6rst\u00e5nden! V\u00e4xj\u00f6 - Utbildningsf\u00f6retagen<\/title>\n<meta name=\"robots\" content=\"index, follow, max-snippet:-1, max-image-preview:large, max-video-preview:-1\" \/>\n<link rel=\"canonical\" href=\"https:\/\/www.utbildningsforetagen.se\/app\/uploads\/sites\/7\/2025\/12\/sjukskrivning.jpg\" \/>\n<meta property=\"og:locale\" content=\"sv_SE\" \/>\n<meta property=\"og:type\" content=\"article\" \/>\n<meta property=\"og:title\" content=\"Sjukskrivning, l\u00e4karintyg och arbets&shy;anpassning \u2013 Vi r\u00e4ttar till missf\u00f6rst\u00e5nden! V\u00e4xj\u00f6 - Utbildningsf\u00f6retagen\" \/>\n<meta property=\"og:url\" content=\"https:\/\/www.utbildningsforetagen.se\/app\/uploads\/sites\/7\/2025\/12\/sjukskrivning.jpg\" \/>\n<meta property=\"og:site_name\" content=\"Utbildningsf\u00f6retagen\" \/>\n<meta property=\"og:image\" content=\"https:\/\/www.utbildningsforetagen.se\/app\/uploads\/sites\/7\/2025\/12\/sjukskrivning.jpg\" \/>\n\t<meta property=\"og:image:width\" content=\"1\" \/>\n\t<meta property=\"og:image:height\" content=\"1\" \/>\n\t<meta property=\"og:image:type\" content=\"image\/jpeg\" \/>\n<meta name=\"twitter:card\" content=\"summary_large_image\" \/>\n<script type=\"application\/ld+json\" class=\"yoast-schema-graph\">{\"@context\":\"https:\/\/schema.org\",\"@graph\":[{\"@type\":\"WebPage\",\"@id\":\"https:\/\/www.utbildningsforetagen.se\/app\/uploads\/sites\/7\/2025\/12\/sjukskrivning.jpg\",\"url\":\"https:\/\/www.utbildningsforetagen.se\/app\/uploads\/sites\/7\/2025\/12\/sjukskrivning.jpg\",\"name\":\"Sjukskrivning, l\u00e4karintyg och arbets&shy;anpassning \u2013 Vi r\u00e4ttar till missf\u00f6rst\u00e5nden! V\u00e4xj\u00f6 - Utbildningsf\u00f6retagen\",\"isPartOf\":{\"@id\":\"https:\/\/www.utbildningsforetagen.se\/#website\"},\"datePublished\":\"2025-12-19T09:01:32+00:00\",\"breadcrumb\":{\"@id\":\"https:\/\/www.utbildningsforetagen.se\/app\/uploads\/sites\/7\/2025\/12\/sjukskrivning.jpg#breadcrumb\"},\"inLanguage\":\"sv-SE\",\"potentialAction\":[{\"@type\":\"ReadAction\",\"target\":[\"https:\/\/www.utbildningsforetagen.se\/app\/uploads\/sites\/7\/2025\/12\/sjukskrivning.jpg\"]}]},{\"@type\":\"BreadcrumbList\",\"@id\":\"https:\/\/www.utbildningsforetagen.se\/app\/uploads\/sites\/7\/2025\/12\/sjukskrivning.jpg#breadcrumb\",\"itemListElement\":[{\"@type\":\"ListItem\",\"position\":1,\"name\":\"Home\",\"item\":\"https:\/\/www.utbildningsforetagen.se\/\"},{\"@type\":\"ListItem\",\"position\":2,\"name\":\"Sjukskrivning, l\u00e4karintyg och arbets&shy;anpassning \u2013 Vi r\u00e4ttar till missf\u00f6rst\u00e5nden! V\u00e4xj\u00f6\",\"item\":\"https:\/\/www.utbildningsforetagen.se\/aktiviteter\/rattigheter-och-skyldigheter-i-samband-med-sjukskrivning-lakarintyg-och-arbetsanpassning-vaxjo\/\"},{\"@type\":\"ListItem\",\"position\":3,\"name\":\"Sjukskrivning, l\u00e4karintyg och arbets&shy;anpassning \u2013 Vi r\u00e4ttar till missf\u00f6rst\u00e5nden! V\u00e4xj\u00f6\"}]},{\"@type\":\"WebSite\",\"@id\":\"https:\/\/www.utbildningsforetagen.se\/#website\",\"url\":\"https:\/\/www.utbildningsforetagen.se\/\",\"name\":\"Utbildningsf\u00f6retagen\",\"description\":\"\",\"potentialAction\":[{\"@type\":\"SearchAction\",\"target\":{\"@type\":\"EntryPoint\",\"urlTemplate\":\"https:\/\/www.utbildningsforetagen.se\/?s={search_term_string}\"},\"query-input\":{\"@type\":\"PropertyValueSpecification\",\"valueRequired\":true,\"valueName\":\"search_term_string\"}}],\"inLanguage\":\"sv-SE\"}]}<\/script>\n<!-- \/ Yoast SEO plugin. -->","yoast_head_json":{"title":"Sjukskrivning, l\u00e4karintyg och arbets&shy;anpassning \u2013 Vi r\u00e4ttar till missf\u00f6rst\u00e5nden! V\u00e4xj\u00f6 - Utbildningsf\u00f6retagen","robots":{"index":"index","follow":"follow","max-snippet":"max-snippet:-1","max-image-preview":"max-image-preview:large","max-video-preview":"max-video-preview:-1"},"canonical":"https:\/\/www.utbildningsforetagen.se\/app\/uploads\/sites\/7\/2025\/12\/sjukskrivning.jpg","og_locale":"sv_SE","og_type":"article","og_title":"Sjukskrivning, l\u00e4karintyg och arbets&shy;anpassning \u2013 Vi r\u00e4ttar till missf\u00f6rst\u00e5nden! V\u00e4xj\u00f6 - Utbildningsf\u00f6retagen","og_url":"https:\/\/www.utbildningsforetagen.se\/app\/uploads\/sites\/7\/2025\/12\/sjukskrivning.jpg","og_site_name":"Utbildningsf\u00f6retagen","og_image":[{"url":"https:\/\/www.utbildningsforetagen.se\/app\/uploads\/sites\/7\/2025\/12\/sjukskrivning.jpg","width":1,"height":1,"type":"image\/jpeg"}],"twitter_card":"summary_large_image","schema":{"@context":"https:\/\/schema.org","@graph":[{"@type":"WebPage","@id":"https:\/\/www.utbildningsforetagen.se\/app\/uploads\/sites\/7\/2025\/12\/sjukskrivning.jpg","url":"https:\/\/www.utbildningsforetagen.se\/app\/uploads\/sites\/7\/2025\/12\/sjukskrivning.jpg","name":"Sjukskrivning, l\u00e4karintyg och arbets&shy;anpassning \u2013 Vi r\u00e4ttar till missf\u00f6rst\u00e5nden! V\u00e4xj\u00f6 - Utbildningsf\u00f6retagen","isPartOf":{"@id":"https:\/\/www.utbildningsforetagen.se\/#website"},"datePublished":"2025-12-19T09:01:32+00:00","breadcrumb":{"@id":"https:\/\/www.utbildningsforetagen.se\/app\/uploads\/sites\/7\/2025\/12\/sjukskrivning.jpg#breadcrumb"},"inLanguage":"sv-SE","potentialAction":[{"@type":"ReadAction","target":["https:\/\/www.utbildningsforetagen.se\/app\/uploads\/sites\/7\/2025\/12\/sjukskrivning.jpg"]}]},{"@type":"BreadcrumbList","@id":"https:\/\/www.utbildningsforetagen.se\/app\/uploads\/sites\/7\/2025\/12\/sjukskrivning.jpg#breadcrumb","itemListElement":[{"@type":"ListItem","position":1,"name":"Home","item":"https:\/\/www.utbildningsforetagen.se\/"},{"@type":"ListItem","position":2,"name":"Sjukskrivning, l\u00e4karintyg och arbets&shy;anpassning \u2013 Vi r\u00e4ttar till missf\u00f6rst\u00e5nden! V\u00e4xj\u00f6","item":"https:\/\/www.utbildningsforetagen.se\/aktiviteter\/rattigheter-och-skyldigheter-i-samband-med-sjukskrivning-lakarintyg-och-arbetsanpassning-vaxjo\/"},{"@type":"ListItem","position":3,"name":"Sjukskrivning, l\u00e4karintyg och arbets&shy;anpassning \u2013 Vi r\u00e4ttar till missf\u00f6rst\u00e5nden! V\u00e4xj\u00f6"}]},{"@type":"WebSite","@id":"https:\/\/www.utbildningsforetagen.se\/#website","url":"https:\/\/www.utbildningsforetagen.se\/","name":"Utbildningsf\u00f6retagen","description":"","potentialAction":[{"@type":"SearchAction","target":{"@type":"EntryPoint","urlTemplate":"https:\/\/www.utbildningsforetagen.se\/?s={search_term_string}"},"query-input":{"@type":"PropertyValueSpecification","valueRequired":true,"valueName":"search_term_string"}}],"inLanguage":"sv-SE"}]}},"description":{"rendered":"<p class=\"attachment\"><a href='https:\/\/www.utbildningsforetagen.se\/app\/uploads\/sites\/7\/2025\/12\/sjukskrivning.jpg'><img loading=\"lazy\" decoding=\"async\" width=\"580\" height=\"387\" src=\"https:\/\/www.utbildningsforetagen.se\/app\/uploads\/sites\/7\/2025\/12\/sjukskrivning-580x387.jpg\" class=\"attachment-medium size-medium\" alt=\"\" srcset=\"https:\/\/www.utbildningsforetagen.se\/app\/uploads\/sites\/7\/2025\/12\/sjukskrivning-580x387.jpg 580w, https:\/\/www.utbildningsforetagen.se\/app\/uploads\/sites\/7\/2025\/12\/sjukskrivning-1180x787.jpg 1180w, https:\/\/www.utbildningsforetagen.se\/app\/uploads\/sites\/7\/2025\/12\/sjukskrivning-380x253.jpg 380w, https:\/\/www.utbildningsforetagen.se\/app\/uploads\/sites\/7\/2025\/12\/sjukskrivning-768x512.jpg 768w, https:\/\/www.utbildningsforetagen.se\/app\/uploads\/sites\/7\/2025\/12\/sjukskrivning-1536x1024.jpg 1536w, https:\/\/www.utbildningsforetagen.se\/app\/uploads\/sites\/7\/2025\/12\/sjukskrivning-2048x1366.jpg 2048w\" sizes=\"auto, (max-width: 580px) 100vw, 580px\" \/><\/a><\/p>\n"},"caption":{"rendered":""},"alt_text":"","media_type":"image","mime_type":"image\/jpeg","media_details":{"width":2500,"height":1667,"file":"2025\/12\/sjukskrivning.jpg","filesize":743467,"sizes":{"medium":{"file":"sjukskrivning-580x387.jpg","width":580,"height":387,"filesize":33569,"mime_type":"image\/jpeg","source_url":"https:\/\/www.utbildningsforetagen.se\/app\/uploads\/sites\/7\/2025\/12\/sjukskrivning-580x387.jpg"},"large":{"file":"sjukskrivning-1180x787.jpg","width":1180,"height":787,"filesize":95952,"mime_type":"image\/jpeg","source_url":"https:\/\/www.utbildningsforetagen.se\/app\/uploads\/sites\/7\/2025\/12\/sjukskrivning-1180x787.jpg"},"thumbnail":{"file":"sjukskrivning-380x253.jpg","width":380,"height":253,"filesize":18251,"mime_type":"image\/jpeg","source_url":"https:\/\/www.utbildningsforetagen.se\/app\/uploads\/sites\/7\/2025\/12\/sjukskrivning-380x253.jpg"},"medium_large":{"file":"sjukskrivning-768x512.jpg","width":768,"height":512,"filesize":49554,"mime_type":"image\/jpeg","source_url":"https:\/\/www.utbildningsforetagen.se\/app\/uploads\/sites\/7\/2025\/12\/sjukskrivning-768x512.jpg"},"1536x1536":{"file":"sjukskrivning-1536x1024.jpg","width":1536,"height":1024,"filesize":146537,"mime_type":"image\/jpeg","source_url":"https:\/\/www.utbildningsforetagen.se\/app\/uploads\/sites\/7\/2025\/12\/sjukskrivning-1536x1024.jpg"},"2048x2048":{"file":"sjukskrivning-2048x1366.jpg","width":2048,"height":1366,"filesize":243710,"mime_type":"image\/jpeg","source_url":"https:\/\/www.utbildningsforetagen.se\/app\/uploads\/sites\/7\/2025\/12\/sjukskrivning-2048x1366.jpg"},"full":{"file":"sjukskrivning.jpg","width":2500,"height":1667,"mime_type":"image\/jpeg","source_url":"https:\/\/www.utbildningsforetagen.se\/app\/uploads\/sites\/7\/2025\/12\/sjukskrivning.jpg"}},"image_meta":{"aperture":"0","credit":"Plattform","camera":"","caption":"","created_timestamp":"0","copyright":"","focal_length":"0","iso":"0","shutter_speed":"0","title":"","orientation":"0","keywords":[]}},"post":2525,"source_url":"https:\/\/www.utbildningsforetagen.se\/app\/uploads\/sites\/7\/2025\/12\/sjukskrivning.jpg","_links":{"self":[{"href":"https:\/\/www.utbildningsforetagen.se\/api\/wp\/v2\/media\/5351","targetHints":{"allow":["GET"]}}],"collection":[{"href":"https:\/\/www.utbildningsforetagen.se\/api\/wp\/v2\/media"}],"about":[{"href":"https:\/\/www.utbildningsforetagen.se\/api\/wp\/v2\/types\/attachment"}],"author":[{"embeddable":true,"href":"https:\/\/www.utbildningsforetagen.se\/api\/wp\/v2\/users\/1"}],"replies":[{"embeddable":true,"href":"https:\/\/www.utbildningsforetagen.se\/api\/wp\/v2\/comments?post=5351"}],"wp:attached-to":[{"embeddable":true,"post_type":"event","id":2525,"href":"https:\/\/www.utbildningsforetagen.se\/api\/wp\/v2\/event\/2525"}],"curies":[{"name":"wp","href":"https:\/\/api.w.org\/{rel}","templated":true}]}}

Sjukskrivning, läkarintyg och arbets&shy;anpassning – Vi rättar till missförstånden! Växjö

<!-- This site is optimized with the Yoast SEO plugin v26.8 - https://yoast.com/product/yoast-seo-wordpress/ -->
<title>Sjukskrivning, läkarintyg och arbets&shy;anpassning – Vi rättar till missförstånden! Växjö - Utbildningsföretagen</title>
<meta name="robots" content="index, follow, max-snippet:-1, max-image-preview:large, max-video-preview:-1" />
<link rel="canonical" href="https://www.utbildningsforetagen.se/app/uploads/sites/7/2025/12/sjukskrivning.jpg" />
<meta property="og:locale" content="sv_SE" />
<meta property="og:type" content="article" />
<meta property="og:title" content="Sjukskrivning, läkarintyg och arbets&shy;anpassning – Vi rättar till missförstånden! Växjö - Utbildningsföretagen" />
<meta property="og:url" content="https://www.utbildningsforetagen.se/app/uploads/sites/7/2025/12/sjukskrivning.jpg" />
<meta property="og:site_name" content="Utbildningsföretagen" />
<meta property="og:image" content="https://www.utbildningsforetagen.se/app/uploads/sites/7/2025/12/sjukskrivning.jpg" />
	<meta property="og:image:width" content="1" />
	<meta property="og:image:height" content="1" />
	<meta property="og:image:type" content="image/jpeg" />
<meta name="twitter:card" content="summary_large_image" />
<script type="application/ld+json" class="yoast-schema-graph">{"@context":"https://schema.org","@graph":[{"@type":"WebPage","@id":"https://www.utbildningsforetagen.se/app/uploads/sites/7/2025/12/sjukskrivning.jpg","url":"https://www.utbildningsforetagen.se/app/uploads/sites/7/2025/12/sjukskrivning.jpg","name":"Sjukskrivning, läkarintyg och arbets&shy;anpassning – Vi rättar till missförstånden! Växjö - Utbildningsföretagen","isPartOf":{"@id":"https://www.utbildningsforetagen.se/#website"},"datePublished":"2025-12-19T09:01:32+00:00","breadcrumb":{"@id":"https://www.utbildningsforetagen.se/app/uploads/sites/7/2025/12/sjukskrivning.jpg#breadcrumb"},"inLanguage":"sv-SE","potentialAction":[{"@type":"ReadAction","target":["https://www.utbildningsforetagen.se/app/uploads/sites/7/2025/12/sjukskrivning.jpg"]}]},{"@type":"BreadcrumbList","@id":"https://www.utbildningsforetagen.se/app/uploads/sites/7/2025/12/sjukskrivning.jpg#breadcrumb","itemListElement":[{"@type":"ListItem","position":1,"name":"Home","item":"https://www.utbildningsforetagen.se/"},{"@type":"ListItem","position":2,"name":"Sjukskrivning, läkarintyg och arbets&shy;anpassning – Vi rättar till missförstånden! Växjö","item":"https://www.utbildningsforetagen.se/aktiviteter/rattigheter-och-skyldigheter-i-samband-med-sjukskrivning-lakarintyg-och-arbetsanpassning-vaxjo/"},{"@type":"ListItem","position":3,"name":"Sjukskrivning, läkarintyg och arbets&shy;anpassning – Vi rättar till missförstånden! Växjö"}]},{"@type":"WebSite","@id":"https://www.utbildningsforetagen.se/#website","url":"https://www.utbildningsforetagen.se/","name":"Utbildningsföretagen","description":"","potentialAction":[{"@type":"SearchAction","target":{"@type":"EntryPoint","urlTemplate":"https://www.utbildningsforetagen.se/?s={search_term_string}"},"query-input":{"@type":"PropertyValueSpecification","valueRequired":true,"valueName":"search_term_string"}}],"inLanguage":"sv-SE"}]}</script>
<!-- / Yoast SEO plugin. -->

Sjukskrivning, läkarintyg och arbets&shy;anpassning – Vi rättar till missförstånden! Växjö - Utbildningsföretagen

Utbildningsföretagen
